 = -2*o - 5*t - 16 + z. Calculate the greatest common factor of 1 and o.
1
Suppose -105*l + 9001 - 2051 + 3970 = 0. Let p be (-1 - -2)/((-3)/(-39)). Calculate the highest common divisor of l and p.
13
Let z be 21045/(-230)*(-5)/(45/42). Calculate the highest common divisor of 1952 and z.
61
Suppose 3*b + 3*c = 2580, 2*b - 2*c - 321 = 1391. Suppose 0 = l + 831 - b. What is the greatest common divisor of l and 198?
9
Let w be (-120)/(-50) + ((-23)/(-5) - 4). Suppose -1326 = -20*s + w*s. What is the greatest common factor of s and 39?
39
Suppose 285*u - 496522 = 21*u + 551294. What is the greatest common factor of 84 and u?
21
Let j be (-2)/4 + 8855/70. Let i = 183 - j. What is the greatest common factor of i and 19?
19
Let p(f) = -5*f**2 + 34*f - 3. Let w be p(14). Let t = w - -527. Calculate the highest common factor of t and 10.
10
Let t(d) = -665*d + 9981. Let f be t(15). Calculate the greatest common factor of 2736 and f.
6
Suppose -x + 2*x = 0. Suppose 2*c + 5*z + 58 = x, -z - 3*z = -5*c - 178. Let m be (-19560)/(-85) - (-4)/c. Calculate the highest common divisor of 23 and m.
23
Let q be 24 - ((-1)/5 + (-81)/45). Let i be 3428/q - 30/(-195). What is the highest common factor of i and 33?
33
Suppose 5*y - 37 = -3*p, 0 = -8*p + 10*y - 15*y + 107. What is the highest common divisor of p and 8540?
14
Let w(u) = u**3 + 42*u**2 + 35*u + 165. Let h be w(-41). What is the highest common divisor of h and 3?
3
Suppose -220*j = -238*j + 5328. What is the highest common factor of j and 3996?
148
Let f(v) = 446*v - 1361. Let o be f(29). Calculate the highest common factor of 326 and o.
163
Let k = 3 - 3. Suppose 3*c - 282 - 54 = k. Let y = 41997 + -41981. What is the highest common factor of c and y?
16
Let v be (-44)/66 + 551*(-2)/(-6). Let i = 292 + v. Calculate the greatest common divisor of 19 and i.
19
Suppose 0 = -11*c + 17 + 5. Suppose 3*x - 388 = -5*m, -m + c*x + 63 = -25. What is the highest common factor of m and 1?
1
Let l = -14457 + 28380. Calculate the highest common divisor of 364 and l.
91
Let c be -2 + 2/((-2)/(-19)). Suppose 4*t = 5*z + 69, 13*t + 2*z = c*t - 78. What is the greatest common divisor of 147 and t?
21
Let r(o) = 3*o - 8. Let f be r(6). Suppose -3*g + 14 = -f*g. Let p be 2 + (13 - g) + (5 - 7). What is the highest common factor of p and 45?
15
Let g be 8/(11/(-6) - -2). Let c(k) = -k**2 - 299*k + 6060. Let z be c(19). Calculate the highest common divisor of g and z.
6
Suppose -3*o = -4*a + 4022, 2*a + 153*o - 1984 = 150*o. What is the highest common factor of 728 and a?
91
Let k be (-10*(-3)/18)/((-2)/(-36)). Suppose -8 = 11*i - k. Calculate the greatest common factor of 8 and i.
2
Suppose -6 = 4*h + 2, -5*o + 67 = 4*h. Suppose -162*n = -159*n - o. Calculate the greatest common divisor of 65 and n.
5
Let n be -7 + (-322)/(-25 + 11). Calculate the highest common factor of 148 and n.
4
Let k be ((-8)/12)/(3/(-441)). What is the highest common divisor of 378 and k?
14
Suppose -5*o + 58 = -3*z, -2*z = -2*o + 22 + 2. Suppose q = -0*q + o. Suppose -64*g + 1931 + 885 = 0. Calculate the highest common factor of g and q.
11
Suppose -6*k + 4*y + 6 = -3*k, 2*y = 0. Suppose -k*l + 13 = -39. Calculate the highest common divisor of l and 130.
26
Let m(l) = 2*l**3 - 6*l**2 + 2. Let p be ((-1)/2)/((-1)/2). Let t be (0/p - 8)*(-12)/24. Let r be m(t). Calculate the highest common divisor of 17 and r.
17
Suppose 95*f - 483*f + 21728 = 0. Calculate the highest common divisor of f and 26740.
28
Let p(n) = -n**2 - 245*n - 210. Let v be p(-95). Calculate the highest common divisor of 12 and v.
12
Let c = 83257 + -42915. What is the greatest common factor of 46 and c?
46
Let r = -82 - -86. Suppose 2*p = -3*j + p, 2*p + r = -2*j. Let c be (-15)/(j/((-12)/9)). Calculate the highest common factor of 40 and c.
20
Let w = -65 + 95. Let r(u) = -10*u - 7 + 2 + 6 + 8*u**2 + u**3 + 5. Let p be r(-9). What is the highest common factor of p and w?
15
Suppose 3726 = 385*g - 383*g. Calculate the highest common divisor of g and 23.
23
Let t be (11 - 14)/(0 + (-6)/50). Let q(s) = -39*s**2 + 6*s - 4. Let a be q(4). Let o = -329 - a. Calculate the greatest common factor of o and t.
25
Let r(c) = 3*c**2 + 29*c + 199. Let y be r(-11). Calculate the highest common factor of 81 and y.
81
Let r = 1416 + -1271. What is the highest common divisor of r and 464?
29
Let z = 216 + -64. Suppose 4*o - 4*m + 3*m = 17, 2*m = -o - 7. Let c(b) = 2*b**2 - 5*b + 16. Let i be c(o). Calculate the highest common divisor of i and z.
19
Let b(q) = q**3 + 14*q**2 - 4*q + 6. Let s be b(-14). Let t = -53 + s. Calculate the highest common divisor of 15 and t.
3
Suppose -66 = 3*g - f, -g - 2*f - 2*f = 22. Let p = 1 - g. Suppose 13*y - 84*y + 2827 + 2072 = 0. Calculate the greatest common divisor of y and p.
23
Suppose g - 134 = -g. Suppose 0 = -11*j + 618 + 229. Let x = j - g. Calculate the highest common divisor of 70 and x.
10
Suppose d + 348 = -d + 2*t, 2*d - 5*t + 336 = 0. Let o = d + 334. Let z(p) = 2*p**2 + 4*p + 9. Let q be z(-5). Calculate the highest common divisor of q and o.
39
Let b = -9157 - -9509. What is the greatest common divisor of 7568 and b?
176
Let s be (1 - -2)/(30/50). Suppose -6*t - 179 = -s*j - 5*t, -5*j + 183 = -2*t. What is the greatest common divisor of 245 and j?
35
Let q be (4/2)/(2 + 0). Let o = 67356 + -67348. What is the highest common factor of q and o?
1
Let f be (-1*3)/(21/(-14)). Suppose t - f = 4. Let a be -4*27/24*-2. What is the highest common divisor of a and t?
3
Let b = 1788 + -1757. Let r be (-1967)/(-63) + 2/(-9). What is the greatest common divisor of b and r?
31
Let f(x) = 3*x**2 + 17*x + 70. Let b(l) = 5*l**2 - 28*l + 6. Let i be b(5). Let d be f(i). Calculate the greatest common divisor of d and 32.
32
Let y = -6362 - -6384. What is the highest common factor of 2816 and y?
22
Let w(n) = -2*n**3 + 23*n**2 - 4*n - 46. Let s be w(9). What is the highest common factor of s and 306?
17
Let x(f) = 2*f**3 - f**2 - 7*f + 13. Let s(c) = -c + 31. Let g be s(26). Let j be x(g). What is the highest common factor of 29 and j?
29
Let k = 397 + -384. Let l be 7/8*14 + k/(-52). Let b be (-147)/(-12) - (-1)/(-4). Calculate the highest common divisor of l and b.
12
Suppose 1 = 3*o - 23. Suppose 10*p = o*p + 24. Let x(d) = 18*d - 516. Let k be x(30). What is the highest common divisor of k and p?
12
Let b = -265 - -382. Let t = b - 42. Let d = 33 - 8. What is the highest common factor of d and t?
25
Let m = -69 - -124. Let c(j) = -j**2 - 10*j + 32. Let n be c(-11). Let w be 8 + (1/(-3) - (-70)/n). Calculate the greatest common divisor of w and m.
11
Suppose -26 - 630 - 64 = -24*i. Suppose -3*k - 63 + 9 = 0. Let w = -6 - k. Calculate the highest common factor of i and w.
6
Suppose 0 = 4*i - j - 305, -7*j + 8*j = -5*i + 370. Calculate the highest common factor of 240 and i.
15
Let u be 70/(-7)*2*2/(-10). Suppose u*r + r = 360. Suppose 280 = 76*f - r*f. What is the highest common divisor of 28 and f?
14
Let o be (-324)/72*3/((-3)/14). Suppose -17*q = o - 301. Calculate the highest common factor of 2 and q.
2
Let c be ((-1)/2)/((-21)/8484). Suppose -3*g = 3*h - 119 - 67, 3*g - h = c. Calculate the highest common divisor of g and 22.
22
Suppose -173*q = -57*q - 1160. Calculate the highest common factor of q and 120.
10
Let u be (-47 - -45)/(4/(-366)). Let m = u - 143. What is the greatest common divisor of 960 and m?
40
Let k(r) = r**2 + 18*r - 5. Let z be k(-18). Let w be (-10229)/z - (-2 - (-45)/25). Suppose w = -5*q + 11*q. Calculate the greatest common factor of q and 31.
31
Suppose 3*w + 7*o - 3*o = 240, 4*w = -4*o + 320. Suppose -2 = 3*l - w. Let b = 55 - l. What is the highest common divisor of b and 203?
29
Let p = 317 + -261. Let l = 74 - p. Suppose 2*r = 5*y - y + 10, 34 = 4*r - y. Calculate the highest common divisor of r and l.
9
Let x = -16306 - -16434. What is the greatest common divisor of x and 2000?
16
Let q(p) = -p**2 + 55*p - 55. Let v be q(13). Calculate the highest common divisor of v and 2.
1
Let m be (-278)/(-14) + (-11)/(-77). Let a(j) = 2*j**2 + 51*j - 112. Let f be a(-28). What is the greatest common factor of f and m?
4
Suppose 9*i - 373 = 1787. Suppose i = -3*x - 7*x. Let n be x/(-3)*30/12. What is the greatest common factor of 10 and